?
1
What is the hundreds digit of 163?
1
What is the units digit of 1103?
3
What is the units digit of 3446?
6
What is the tens digit of 593?
9
What is the hundreds digit of 1357?
3
What is the hundreds digit of 1082?
0
What is the hundreds digit of 44431?
4
What is the units digit of 2931?
1
What is the thousands digit of 28566?
8
What is the thousands digit of 1804?
1
What is the hundreds digit of 93073?
0
What is the units digit of 220?
0
What is the thousands digit of 2314?
2
What is the hundreds digit of 13376?
3
What is the tens digit of 1484?
8
What is the units digit of 946?
6
What is the tens digit of 57337?
3
What is the tens digit of 25746?
4
What is the thousands digit of 108575?
8
What is the hundreds digit of 119416?
4
What is the thousands digit of 86473?
6
What is the tens digit of 829?
2
What is the tens digit of 1232?
3
What is the tens digit of 2325?
2
What is the tens digit of 40043?
4
What is the ten thousands digit of 35676?
3
What is the units digit of 20?
0
What is the tens digit of 664?
6
What is the units digit of 4473?
3
What is the tens digit of 5117?
1
What is the thousands digit of 25876?
5
What is the hundreds digit of 65327?
3
What is the hundreds digit of 6683?
6
What is the thousands digit of 1589?
1
What is the tens digit of 2014?
1
What is the units digit of 1164?
4
What is the hundreds digit of 5707?
7
What is the units digit of 26072?
2
What is the ten thousands digit of 11895?
1
What is the hundreds digit of 3848?
8
What is the units digit of 970?
0
What is the tens digit of 2170?
7
What is the ten thousands digit of 12682?
1
What is the units digit of 2516?
6
What is the tens digit of 18738?
3
What is the tens digit of 317?
1
What is the tens digit of 225?
2
What is the thousands digit of 1653?
1
What is the hundreds digit of 1459?
4
What is the units digit of 1973?
3
What is the hundreds digit of 50643?
6
What is the thousands digit of 1158?
1
What is the tens digit of 291?
9
What is the tens digit of 342?
4
What is the units digit of 33449?
9
What is the units digit of 1112?
2
What is the thousands digit of 1601?
1
What is the units digit of 4356?
6
What is the tens digit of 46850?
5
What is the units digit of 3222?
2
What is the tens digit of 880?
8
What is the hundreds digit of 22729?
7
What is the thousands digit of 5874?
5
What is the units digit of 883?
3
What is the ten thousands digit of 39109?
3
What is the units digit of 3776?
6
What is the ten thousands digit of 15169?
1
What is the units digit of 4200?
0
What is the thousands digit of 7376?
7
What is the tens digit of 18928?
2
What is the thousands digit of 17345?
7
What is the thousands digit of 6133?
6
What is the tens digit of 17609?
0
What is the hundreds digit of 7532?
5
What is the hundreds digit of 34014?
0
What is the hundreds digit of 11048?
0
What is the ten thousands digit of 40075?
4
What is the hundreds digit of 141?
1
What is the ten thousands digit of 10236?
1
What is the hundreds digit of 2037?
0
What is the units digit of 2390?
0
What is the tens digit of 508?
0
What is the hundreds digit of 7741?
7
What is the hundreds digit of 19187?
1
What is the units digit of 8845?
5
What is the tens digit of 7252?
5
What is the units digit of 77?
7
What is the hundreds digit of 41112?
1
What is the thousands digit of 15792?
5
What is the thousands digit of 1401?
1
What is the units digit of 575?
5
What is the tens digit of 16828?
2
What is the hundreds digit of 7109?
1
What is the units digit of 2986?
6
What is the thousands digit of 26328?
6
What is the units digit of 89?
9
What is the thousands digit of 2382?
2
What is the hundreds digit of 771?
7
What is the tens digit of 42464?
6
What is the thousands digit of 11636?
1
What is the hundreds digit of 2418?
4
What is the units digit of 537?
7
What is the hundreds digit of 71920?
9
What is the units digit of 20584?
4
What is the units digit of 4014?
4
What is the hundreds digit of 328?
3
What is the tens digit of 3714?
1
What is the ten thousands digit of 134096?
3
What is the tens digit of 146710?
1
What is the units digit of 78?
8
What is the hundreds digit of 20603?
6
What is the units digit of 2777?
7
What is the units digit of 77742?
2
What is the tens digit of 18790?
9
What is the hundred thousands digit of 148748?
1
What is the hundreds digit of 1768?
7
What is the hundreds digit of 35307?
3
What is the units digit of 1320?
0
What is the ten thousands digit of 28917?
2
What is the hundreds digit of 2739?
7
What is the hundreds digit of 215?
2
What is the thousands digit of 30851?
0
What is the ten thousands digit of 80195?
8
What is the units digit of 1499?
9
What is the hundreds digit of 3595?
5
What is the thousands digit of 47399?
7
What is the units digit of 50282?
2
What is the hundreds digit of 30855?
8
What is the thousands digit of 2468?
2
What is the thousands digit of 50227?
0
What is the hundreds digit of 176?
1
What is the tens digit of 1183?
8
What is the units digit of 3759?
9
What is the thousands digit of 1100?
1
What is the hundreds digit of 9044?
0
What is the hundreds digit of 55584?
5
What is the thousands digit of 23379?
3
What is the tens digit of 34533?
3
What is the thousands digit of 1924?
1
What is the ten thousands digit of 12794?
1
What is the hundreds digit of 351?
3
What is the units digit of 558?
8
What is the hundreds digit of 1872?
8
What is the tens digit of 53663?
6
What is the ten thousands digit of 10295?
1
What is the thousands digit of 81626?
1
What is the tens digit of 2019?
1
What is the thousands digit of 3903?
3
What is the thousands digit of 4511?
4
What is the thousands digit of 199171?
9
What is the hundreds digit of 891?
8
What is the hundreds digit of 984?
9
What is the hundreds digit of 103654?
6
What is the hundreds digit of 50243?
2
What is the hundreds digit of 3406?
4
What is the hundreds digit of 37093?
0
What is the ten thousands digit of 48295?
4
What is the tens digit of 736?
3
What is the units digit of 1186?
6
What is the hundreds digit of 110?
1
What is the ten thousands digit of 143808?
4
What is the units digit of 1365?
5
What is the thousands digit of 6969?
6
What is the hundreds digit of 13100?
1
What is the units digit of 1710?
0
What is the units digit of 1524?
4
What is the hundreds digit of 3918?
9
What is the units digit of 10?
0
What is the hundreds digit of 7837?
8
What is the units digit of 403?
3
What is the thousands digit of 64420?
4
What is the hundreds digit of 14394?
3
What is the units digit of 578?
8
What is the ten thousands digit of 53487?
5
What is the tens digit of 7188?
8
What is the tens digit of 852?
5
What is the hundreds digit of 3896?
8
What is the tens digit of 6829?
2
What is the thousands digit of 1118?
1
What is the tens digit of 34155?
5
What is the thousands digit of 1701?
1
What is the units digit of 6274?
4
What is the units digit of 58066?
6
What is the hundreds digit of 381?
3
What is the thousands digit of 4064?
4
What is the thousands digit of 11775?
1
What is the ten thousands digit of 19202?
1
What is the tens digit of 200?
0
What is the units digit of 338?
8
What is the thousands digit of 7375?
7
What is the units digit of 1100?
0
What is the tens digit of 38059?
5
What is the thousands digit of 3101?
3
What is the tens digit of 123988?
8
What is the units digit of 973?
3
What is the hundreds digit of 2241?
2
What is the tens digit of 52302?
0
What is the units digit of 36649?
9
What is the units digit of 393?
3
What is the tens digit of 11405?
0
What is the ten thousands digit of 12815?
1
What is the hundreds digit of 1336?
3
What is the units digit of 53441?
1
What is the units digit of 714?
4
What is the thousands digit of 9731?
9
What is the hundreds digit of 7761?
7
What is the thousands digit of 6607?
6
What is the units digit of 175320?
0
What is the units digit of 601?
1
What is the hundreds digit of 2194?
1
What is the units digit of 1189?
9
What is the thousands digit of 31789?
1
What is the hundreds digit of 375?
3
What is the tens digit of 98?
9
What is the ten thousands digit of 39106?
3
What is the tens digit of 17765?
6
What is the thousands digit of 62118?
2
What is the hundreds digit of 797?
7
What is the units digit of 21847?
7
What is the ten thousands